ommon factor of j and f?
7
Suppose a - 3*b - 14 = 0, 2*a = b + 5 + 3. Suppose w - 1 = a. Suppose -w*s + 271 = -29. Calculate the highest common divisor of 20 and s.
20
Suppose -p - 87 = -2*u, 0 = -u - 2*u + p + 132. Let k be 4620/u - 8/(-6). What is the highest common divisor of k and 13?
13
Let i(y) = -11*y**2 + y. Let t be i(-1). Let l = t - -15. Calculate the highest common divisor of l and 15.
3
Suppose -2*j + 4 = -0, 3*j = -2*l + 14. Suppose 0*c + 16 = l*c. Calculate the highest common factor of c and 2.
2
Let b(w) = -4*w - 5. Let s be b(-2). What is the highest common factor of s and 3?
3
Let h = -3 + 7. Suppose j + 17 = u, h*j = -2*u - 3*u + 76. Calculate the greatest common divisor of u and 24.
8
Let l be 9/12 - (-507)/12. Let k be l + 6 + (1 - 4). What is the greatest common factor of 23 and k?
23
Let c = 24 + -14. What is the greatest common factor of 25 and c?
5
Let m(l) = -9*l + 4. Let n be m(-2). Calculate the greatest common factor of 22 and n.
22
Let z be -9*2/(-3) + 1. Let l be z/(-4)*4*-7. Calculate the greatest common divisor of 7 and l.
7
Suppose 56 = 4*u - 20. Let y(k) = k**2 + 5*k + 6. Let f be y(-4). Suppose 268 - f = 2*l. What is the greatest common divisor of u and l?
19
Let i = 102 - 94. Calculate the greatest common factor of i and 8.
8
Suppose 7*r - 10*r = -96. Calculate the greatest common divisor of 48 and r.
16
Let o(l) be the first derivative of l**4/4 - 8*l**3/3 + 9*l**2/2 - 3*l - 2. Let k be o(7). Calculate the highest common factor of k and 99.
11
Let f(w) = w**3 - 5*w**2 - 3*w - 12. Let h be f(6). What is the highest common divisor of 18 and h?
6
Suppose 4*h - 5*m = 37, 5*m = h - 14 - 14. Suppose v + 4 = -h*v, 2*v = 2*n - 24. Calculate the greatest common divisor of n and 11.
11
Let p(b) = b**2 + b + 14. Let y be p(0). Calculate the highest common factor of 2 and y.
2
Let a(h) = -2*h**3 - 5*h**2 + 2*h + 5. Let s be a(-5). What is the highest common factor of s and 12?
12
Let r be 72*((-4)/18 + 143/117). Let n(p) = -p**3 - p**2 - p + 9. Let i be n(0). Calculate the greatest common factor of i and r.
9
Suppose -4*x + 2*x - 5*n + 71 = 0, 143 = 5*x + n. Calculate the highest common factor of 7 and x.
7
Suppose -2*o = -5*y - 0 - 4, 3*o + 2*y = 25. What is the greatest common factor of 7 and o?
7
Suppose -2*y - 26 = 6*s - 8*s, -s - 2 = 4*y. What is the highest common factor of 10 and s?
10
Let d = -1 - -12. Calculate the greatest common divisor of d and 121.
11
Let y be 10/(0 - 3/(-120)). Suppose -y = -5*u + u. Suppose -r - 45 = -3*b + 4*r, -2*b = -4*r - 32. What is the greatest common divisor of u and b?
10
Let n(m) = m**2 - 9*m + 14. Let w be n(10). What is the highest common factor of w and 192?
24
Let j be (-12 + 0)*(-2)/3. Let o(b) = 6*b - 2. Let f be o(7). Calculate the highest common factor of j and f.
8
Let i be (-102)/(-14) - 4/14. Suppose 3*w - i = 2*b - b, -4*b + 11 = w. What is the greatest common divisor of 18 and b?
2
Let p be (-27)/(-21) - -3 - 8/28. Calculate the highest common divisor of 48 and p.
4
Suppose -3*s + 6*s + 48 = 0. Let f = s - -38. Calculate the highest common divisor of f and 198.
22
Let w = -12 - -23. Suppose 0 = -y + 9 + 24. What is the greatest common factor of w and y?
11
Suppose 4*d - 2 = 10. Suppose -d*r + 8*r = 180. Calculate the greatest common divisor of 12 and r.
12
Let d = 6 + -3. Calculate the greatest common factor of d and 12.
3
Suppose v - 5*u - 43 = 2*v, -95 = 2*v + u. Let y be 8/(-20) + 417/5. Let b = v + y. What is the highest common factor of 5 and b?
5
Suppose 2*f - 4*f + 88 = 0. Suppose 0 = 3*i - f + 8. Suppose -164 = -4*p - 20. What is the greatest common divisor of i and p?
12
Suppose -56 = 5*a - 9*a. Calculate the greatest common divisor of 28 and a.
14
Let o = 3 - 0. Suppose -o*p = -200 - 73. Let f = 8 + 5. Calculate the greatest common divisor of p and f.
13
Suppose -35 = -10*b + 5*b. Let v = b + -4. Let a be v + -4*(-2)/1. Calculate the greatest common divisor of 88 and a.
11
Let u(y) = y**3 - 6*y**2 + 5*y - 22. Let q be u(6). Suppose -c - 2*c = -120. What is the highest common divisor of q and c?
8
Suppose -5*k + 39 = -6. Calculate the highest common factor of 81 and k.
9
Let k(v) = -v**3 - 4*v**2 - 2*v - 1. Let a be k(-4). What is the greatest common factor of 7 and a?
7
Suppose 0*d = -2*d + 4. Suppose -21 = -d*u + 5. What is the greatest common divisor of u and 13?
13
Let t = -21 + 22. What is the highest common divisor of 2 and t?
1
Let t be (-1)/(2/(-16)) - -1. What is the highest common factor of t and 6?
3
Let m be 16/(-6)*3/(-2). Let k be 32*2/m*1. What is the greatest common divisor of 2 and k?
2
Suppose -4*v + 399 = c, c - 2*c = v - 99. Calculate the highest common divisor of v and 25.
25
Suppose -3*y - 4*t = 27, -2*y + 5*t - 17 = 1. Let k be (1 - 1) + 2 + -1. Let v be (3/y)/(k/(-3)). What is the greatest common divisor of v and 1?
1
Let l = -9 + 13. Suppose 0 = -2*y + s + 259, 4*s = -6*y + l*y + 264. Calculate the greatest common divisor of y and 13.
13
Suppose -9*h = -5*h - 180. What is the greatest common divisor of h and 5?
5
Suppose 5*y - 5*q = 105, 0*y - 3*q - 89 = -4*y. What is the greatest common factor of 52 and y?
26
Let m be -2 - (-2 + 11)*-1. Let p(w) = -2*w - 3. Let h be p(-3). Suppose -2*t - 26 = -5*z + t, h*t + 12 = 3*z. Calculate the highest common divisor of m and z.
7
Suppose -f = -5*k - 6*f + 40, 4*f = -3*k + 26. Calculate the highest common divisor of k and 18.
6
Let y(m) = -4*m - 4. Let s be y(-3). Let z = 5 + -1. Suppose 5*j + z - 9 = 0. Calculate the highest common factor of s and j.
1
Suppose l + 3*k = 83, -2*l - 2*l + 4*k = -396. Suppose s - 9 = 3*i + 19, -i = 3. What is the greatest common divisor of l and s?
19
Suppose y + r = -2, 4*y = -4*r + 2*r. Calculate the greatest common factor of y and 2.
2
Suppose -5*j + 108 = 3*l, -4*j + 62 + 38 = -l. Calculate the highest common factor of j and 6.
6
Let j(t) = -2*t - 10. Let n be j(-8). Suppose -2*b + 22 = 5*o, 0 = -5*o + 4 + n. Calculate the greatest common factor of 30 and b.
6
Suppose 5*p - 15 = 5. Suppose p*u - u = 48. Calculate the greatest common factor of 16 and u.
16
Let r be -1 + 2 + (-38)/(-2). Let o = 29 + -21. Suppose 0 = 2*v - 4*k - o, -5*k + 4*k + 2 = 0. Calculate the greatest common factor of r and v.
4
Let i be 204/26 + (-18)/(-117). Let f(v) = 5*v**2 - 3*v + 4. Let h be f(4). What is the highest common divisor of i and h?
8
Let h be 16/(-40)*-5*1. Let d(w) = 2 + 1 - h + 8*w - 8. Let g be d(5). What is the highest common factor of 22 and g?
11
Let c be 0 - -3 - 85*-2. Let u be -20 + (-2 - (-1 - 1)). Let g = c + u. What is the highest common factor of 17 and g?
17
Let q(f) = -4*f + 4*f + 13*f + 7. Let w be q(5). Let p = -4 - -12. Calculate the greatest common divisor of p and w.
8
Let u(p) = -27*p - 4. Let q(s) = 55*s + 7. Let v(b) = -2*q(b) - 5*u(b). Let c be v(3). Suppose 2 + 34 = 4*o. What is the highest common divisor of c and o?
9
Let f(g) = 10*g**2 + 4*g - 4. Let j be f(2). Calculate the greatest common divisor of 22 and j.
22
Suppose 2*g - 28 = -2*g. Let j = 4 - 8. Let s = j + g. Calculate the greatest common divisor of s and 15.
3
Suppose 2*q - v = 6*q - 79, 2*q = -4*v + 36. What is the highest common divisor of 140 and q?
20
Suppose 2*w + 8 + 6 = 0. Let j be (2/4)/(w/(-910)). Let o be (-78)/(-4)*4/3. Calculate the greatest common divisor of j and o.
13
Let m(f) = -f**3 + 6*f**2 + f - 1. Let u be m(6). Suppose z + 23 = -u*n, 6*n = 3*n - 15. Calculate the highest common factor of 22 and z.
2
Let r be ((3/9)/1)/(1/12). What is the highest common factor of r and 28?
4
Let o be ((-201)/(-4))/3 - (-114)/(-152). What is the greatest common divisor of 112 and o?
16
Let w be 5/(5 + 0)*12. What is the greatest common factor of w and 12?
12
Suppose 15*z - b + 6 = 16*z, -2*z = b - 13. Suppose -2*o - 2*l + 100 = 0, -4*o - 2*l + 198 = -0*l. What is the greatest common divisor of o and z?
7
Let c = -26 - -47. What is the greatest common divisor of 28 and c?
7
Let b = 26 - 23. What is the greatest common divisor of b and 33?
3
Let y = 28 + 110. What is the greatest common factor of 23 and y?
23
Let w = -5 + 12. Let h be w/28 + 23/4. What is the highest common divisor of h and 4?
2
Suppose -2*c - 3*c + 30 = 0. Let l = 7 - c. Let y be 3 - (1 - l) - -95. Calculate the